at is the hundreds digit of x?
4
Let m(j) = -j + 7. Suppose 3*u - 1 = -4*o + 6*o, -u - 2 = -o. Let p be m(o). What is the units digit of (2 - (-60 + 2)) + p + 2?
2
Let o(p) = 64*p - 8. Let r(n) = -22*n + 3. Let d(v) = -4*o(v) - 11*r(v). What is the units digit of d(-4)?
5
Let z be 12/36 - (-41)/3. Suppose -8*h = 2 + z. What is the hundreds digit of 77/49 + h + 1434/14?
1
Let q be -9 - 19/(114/1128). Let u = 1336 + q. What is the tens digit of u?
3
Suppose -246*d = 230*d - 22469 - 200299. What is the hundreds digit of d?
4
Let w = 361 + -186. Suppose i - 894 = -w. What is the hundreds digit of i?
7
Suppose -2*t = 110 - 22. Let v be 38/(1 + 52/t). Let k = 294 + v. What is the tens digit of k?
8
Let v = -87 + 207. Let i = 3691 - 3563. Let w = i - v. What is the units digit of w?
8
Suppose -273*r + 250*r + 162702 = 0. What is the thousands digit of r?
7
Suppose 3 = 6*i - 9. Let g be (1 + 9/(-6))/(i/12). Let n = g + 7. What is the units digit of n?
4
Suppose -z + 5*z = -4*z. Let q be (-140)/(-3)*(3 + 0). Suppose q = a - y, z = -0*a + 3*a + y - 432. What is the hundreds digit of a?
1
Let d = -16297 + 19448. What is the hundreds digit of d?
1
Let n = 486 - -12064. What is the ten thousands digit of n?
1
What is the thousands digit of ((-221)/34 - (-3 + -1))/(15/(-42204))?
7
Let c = -308 + 322. Suppose p - 2*p = -c. What is the tens digit of p?
1
Suppose 0 = -3*m - 46 - 32. Let d be -1*4/m + (-4)/26. Suppose -2*f + 46 + 150 = d. What is the units digit of f?
8
Suppose 156 + 64 = 4*r. Let c = -29 + 31. Suppose -5*n + 297 = -c*x + r, 3*n - 3*x = 147. What is the tens digit of n?
4
Let r = 3126 + -2722. What is the units digit of r?
4
Suppose 0*q = -2*q + 400. Suppose -4*k = 5*w + 33 - 232, 5*k = -5*w + q. What is the units digit of w?
9
Suppose -3*s = 3*j - 270, 4*j - 3*s - 252 = j. Suppose -82*n - 440 = 3660. Let r = n + j. What is the tens digit of r?
3
Let y(q) = -45 + 145*q - 58*q - 2. What is the hundreds digit of y(4)?
3
Let d = 349 - 342. Suppose -3348 = -d*r + r. What is the tens digit of r?
5
Let c(j) = j + 45. Let t be c(-40). Suppose -3*d + 2065 = -0*d + t*y, -4*y - 1340 = -2*d. What is the hundreds digit of d?
6
Let f = 562 - 558. Suppose 4*u = -f*r + 2543 + 2921, 0 = -3*r - 2*u + 4101. What is the units digit of r?
9
Suppose -213 - 315 = 2*a. Let y = 661 + a. What is the hundreds digit of y?
3
Let m = -138 + 138. Suppose m = -20*p + 19*p + 141. What is the units digit of p?
1
Let u(z) = -z - 8. Let m be u(-11). Suppose -5 = -2*d + m. Suppose c + d*g - 91 = 0, 2*c - 3*g + 177 = 4*c. What is the units digit of c?
7
Let u be (5 - 4)/1 + -4. Let j be (20/(-28))/(u/21). What is the units digit of 48*(-5)/j*-1?
8
Let i(n) = -3*n**3 - 3*n**2 + 3*n + 9. Let v = -110 - -7. Let p = v + 99. What is the hundreds digit of i(p)?
1
Let y(p) = -p**3 - 21*p**2 - 20*p + 4. Let u be y(-20). Suppose -5*o + 0*o + u*n = 5553, -o - 1128 = 5*n. What is the hundreds digit of (o/14)/((-1)/2)?
1
Let r(l) = -1272*l - 1034. What is the thousands digit of r(-10)?
1
Suppose -11829 - 12415 = -5*x + l, 3*x - 3*l - 14556 = 0. Suppose -3*y = -7*y + x. Suppose -j + y = 3*j. What is the units digit of j?
3
Let q be (-8)/(-20)*-1*(-36 + 1). Suppose 3*d - q = -5*g - 46, 0 = 5*d + 4*g + 36. What is the tens digit of d/16*0 - 1*-31?
3
Let a = 246 - 247. Let l(o) = 347*o**2 + 4*o + 1. What is the tens digit of l(a)?
4
Let p = -119 + 107. Let i be (p/(-30))/(-2)*0. Suppose -5*s + 3*s - 3*g + 578 = i, -3*s + 869 = 4*g. What is the units digit of s?
5
Suppose 31*h + 21988 = 116047 + 732246. What is the tens digit of h?
5
Let u = 40801 - 25619. What is the ten thousands digit of u?
1
Let m = -15881 + 30619. What is the units digit of m?
8
Let i(v) = -4*v**2 - v - 28. Let x be i(9). What is the units digit of 10*(-6)/(-24)*(1 - x)?
5
Suppose 4*m + 2*a = 260312, 260314 = 4*m - 66*a + 67*a. What is the thousands digit of m?
5
Let z(y) = -21*y - 7. Let x be z(-6). Suppose 4*g = 3*p - 74, -9*g - 4*p + 12 = -10*g. Let l = g + x. What is the units digit of l?
9
Suppose 1867 = 10*n - 7*n + 5*r, -2*r = -10. Let h = 1246 - n. What is the tens digit of h?
3
Suppose -o + 5*s + 21868 = 0, 89*o = 94*o + 3*s - 109312. What is the thousands digit of o?
1
Let d(i) = 427*i + 3240. What is the thousands digit of d(10)?
7
Let d = -120 + 116. What is the hundreds digit of 43/((1/(-6))/(6/d))?
3
Suppose o - 4 = 0, 3*o - 18 = -4*h + 10. What is the thousands digit of 1828 + 1/(h/(-12))?
1
Suppose -3*v - 4*w = -18703, -v - 34*w + 6235 = -33*w. What is the hundreds digit of v?
2
Suppose -4*u + 6*j + 20408 = 0, -4*u + 3*j = 5*j - 20376. What is the hundreds digit of u?
0
Suppose 3*c = 5*n + 95, -2*n + 6*n - 2*c = -74. What is the tens digit of 1068/n*(-4 - 0)?
6
Let n(f) = 415*f**2 + 31. What is the tens digit of n(-4)?
7
Let r(m) = -20 + 22*m**2 - 17 - 10*m - 17*m + 26*m. What is the units digit of r(-6)?
1
Let o be (-20)/490*-7 + (-4680)/14. Let v = 832 - o. What is the units digit of v?
6
Suppose -7*l = -2*l - 25, 2*c + 5*l = 213. Let o = 166 + c. What is the tens digit of o?
6
Suppose 0 = -f - 4*f - 3*g - 965, -2*g = -5*f - 940. Let t = 375 + f. What is the hundreds digit of t?
1
What is the hundreds digit of 1 + 14*1051 + 48 + (-92 - -38)?
7
Suppose 0 = 5*u + 98 + 77. Let i be 5/u*-7 + 29*-14. Let m = -277 - i. What is the units digit of m?
8
Suppose 14*v = -17*v + 310695 + 689024. What is the units digit of v?
9
Let l(n) = -138*n**3 - 2*n**2 + 17*n + 64. What is the tens digit of l(-4)?
9
Let b(x) = 34*x - 2615. What is the units digit of b(93)?
7
Let w(h) = h**3 - 2*h**2 - 14*h + 18. Let t be w(20). Suppose -30066 + t = -28*m. What is the hundreds digit of m?
8
Let l(r) = 2*r**3 - 7*r**2 - 3*r + 7. Suppose 5*n - 9 = 31. Let i be 12/(-8) - (-60)/n. What is the tens digit of l(i)?
6
Let h = 3 + -5. Let a(q) = -198*q - 9. What is the hundreds digit of a(h)?
3
Let f be (14/91 - (-34)/(-52))*1926. Let o = -519 - f. What is the hundreds digit of o?
4
Let s = 11694 + -10580. What is the hundreds digit of s?
1
Suppose -56 = 7*z - 7. What is the tens digit of (-14)/z + 520 + (1 - 3)?
2
Let y(s) = -s**3 + 17*s**2 + 31*s + 46. Suppose 40*v - 36*v - 72 = 0. What is the units digit of y(v)?
0
What is the ten thousands digit of (-1088177)/(-15) - 34*(-21)/(-5355)?
7
Let m = 62 + -49. Let t(w) = 12*w**2 - 9*w - 13*w**2 + 30*w + m. What is the tens digit of t(11)?
2
Let d = -85 - -89. Suppose -5*k + 537 = -4*n, 5*k + n - d*n - 534 = 0. Let y = k + -6. What is the tens digit of y?
9
Let f(p) = -p**2 + 16. Let h be f(-3). Suppose 0 = -h*c + 11*c - 8. Suppose 48 = c*l - 2*n, 0 = l + 2*l + 5*n - 56. What is the tens digit of l?
2
Suppose -8*v = -99 - 37. Suppose -v*s = -2949 - 3919. What is the units digit of s?
4
Let b(n) = -631*n - 3. Suppose 0 = 60*y - 66*y - 12. What is the hundreds digit of b(y)?
2
Let w(u) = 535*u - 16. Let y(r) = -16*r + 1. Let f be y(0). What is the tens digit of w(f)?
1
Let d(v) = v**3 - 38*v**2 + 71*v + 37. Let n be d(36). Let h(m) = 782*m**2 + 4*m - 1. What is the tens digit of h(n)?
8
Let d be (15/2)/(81/3780). Suppose -4*l = 2*i - 2168, -3*l - 4*i = d - 1966. What is the units digit of l?
4
Suppose 2*b - 16970 = 2*a, 54*b - a - 42409 = 49*b. What is the units digit of b?
1
Let l(v) = 13*v - 47. Let t(c) = -c. Let o(m) = 2*l(m) - 14*t(m). What is the tens digit of o(24)?
6
Let q(i) = 12*i - 324. Let l be q(27). Suppose l = 5*n - 5211 + 786. What is the tens digit of n?
8
Suppose 41*p - 33231 = 1742. What is the tens digit of p?
5
Suppose 20*a - 21007 + 1114 = 2067. What is the units digit of a?
8
Suppose -374 = -2*a - 4*g, 4*a + g + 561 = 7*a. Let l = a + -117. What is the units digit of l?
0
Let j(l) = l**2 + 4*l + 1. Let c be j(-5). Let f be (0 - 198/(-12))/(c/88). Suppose 6*g - 196 = f. What is the tens digit of g?
7
Let w(z) = -182*z + 88. Let n be w(-4). What is the units digit of (18/8)/(18/n)?
2
What is the tens digit of (-2)/9 + (-9)/((-729)/838125)?
4
Let i(z) = 68*z - 192*z + 17 + z**3 + 67*z - 4*z**2 + 61*z. What is the units digit of i(10)?
7
Suppose 4*j + u + 87 = 0, -2*j - 22 = -3*u + 11. Let m be (-1)/(j/(-6) - 4). Suppose 2*k + 4*g = 10 + m, 5*g - 7 = -2*k. What is the units digit of k?
6
Let h(r) = 11*r**2 + 12*r + 22117. What is the hundreds digit of h(0)?
1
Suppose 2*g = 